What are the prime factors of 9111880?
2, 5, 227797
What are the prime factors of 6808485?
3, 5, 541, 839
List the prime factors of 12263580.
2, 3, 5, 7, 9733
List the prime factors of 254020.
2, 5, 13, 977
What are the prime factors of 2550393?
3, 59, 1601
What are the prime factors of 14151899?
14151899
List the prime factors of 1735859.
19, 103, 887
List the prime factors of 14717862.
2, 3, 47, 1933
List the prime factors of 230531.
7, 32933
What are the prime factors of 954031?
13, 73387
What are the prime factors of 1511356?
2, 7, 11, 701
What are the prime factors of 1779932?
2, 7, 11, 5779
What are the prime factors of 439661?
439661
What are the prime factors of 3613632?
2, 3, 11, 29, 59
List the prime factors of 72813.
3, 13, 1867
What are the prime factors of 13687046?
2, 263, 26021
List the prime factors of 5232323.
5232323
What are the prime factors of 503361?
3, 103, 181
What are the prime factors of 5395864?
2, 674483
List the prime factors of 728214.
2, 3, 121369
List the prime factors of 14790096.
2, 3, 271, 379
List the prime factors of 20204301.
3, 13, 518059
What are the prime factors of 35281?
35281
What are the prime factors of 172018?
2, 7, 11, 1117
What are the prime factors of 277833?
3, 37, 2503
What are the prime factors of 12472662?
2, 3, 17, 7193
List the prime factors of 1488231.
3, 17, 71, 137
List the prime factors of 3773738.
2, 1886869
What are the prime factors of 8162726?
2, 11, 13, 28541
What are the prime factors of 11819412?
2, 3, 11, 9949
List the prime factors of 19663127.
11, 1787557
List the prime factors of 7081536.
2, 3, 7, 11, 479
List the prime factors of 21194305.
5, 11, 385351
List the prime factors of 79585.
5, 11, 1447
List the prime factors of 16520464.
2, 17, 60737
List the prime factors of 6307117.
503, 12539
What are the prime factors of 16347922?
2, 163, 50147
What are the prime factors of 18863618?
2, 19, 661, 751
What are the prime factors of 217488?
2, 3, 23, 197
List the prime factors of 313807.
13, 101, 239
List the prime factors of 62697.
3, 20899
List the prime factors of 37863926.
2, 18931963
What are the prime factors of 10943260?
2, 5, 181, 3023
List the prime factors of 575243.
575243
List the prime factors of 11283824.
2, 821, 859
List the prime factors of 214465.
5, 59, 727
What are the prime factors of 7542254?
2, 17, 221831
What are the prime factors of 416875?
5, 23, 29
List the prime factors of 387673.
11, 13, 2711
What are the prime factors of 335871?
3, 67, 557
List the prime factors of 69724.
2, 17431
List the prime factors of 987949.
83, 11903
List the prime factors of 126089.
17, 7417
What are the prime factors of 7136187?
3, 23, 103423
List the prime factors of 3959961.
3, 19, 69473
List the prime factors of 275403.
3, 91801
List the prime factors of 996675.
3, 5, 97, 137
List the prime factors of 337123.
443, 761
What are the prime factors of 1023282?
2, 3, 13, 4373
List the prime factors of 3992236.
2, 673, 1483
What are the prime factors of 3027266?
2, 11, 37, 3719
List the prime factors of 10203233.
1597, 6389
What are the prime factors of 14829937?
19, 780523
List the prime factors of 105718.
2, 52859
List the prime factors of 103578.
2, 3, 61, 283
What are the prime factors of 4813037?
557, 8641
List the prime factors of 1206478.
2, 7, 13, 947
List the prime factors of 1374772.
2, 7, 37, 1327
List the prime factors of 21280125.
3, 5, 56747
What are the prime factors of 1012481?
1012481
What are the prime factors of 3293918?
2, 1646959
What are the prime factors of 404479?
67, 6037
List the prime factors of 16095981.
3, 11, 487757
List the prime factors of 3629635.
5, 31, 23417
What are the prime factors of 21215?
5, 4243
What are the prime factors of 21221168?
2, 17, 61, 1279
What are the prime factors of 26583077?
26583077
List the prime factors of 28113.
3, 9371
What are the prime factors of 1225494?
2, 3, 103, 661
List the prime factors of 790954.
2, 59, 6703
List the prime factors of 87777.
3, 3251
What are the prime factors of 6988726?
2, 3494363
What are the prime factors of 19379710?
2, 5, 7, 251, 1103
What are the prime factors of 6654939?
3, 17, 130489
What are the prime factors of 4093578?
2, 3, 8423
What are the prime factors of 18811002?
2, 3, 7, 109, 587
What are the prime factors of 132330?
2, 3, 5, 11, 401
What are the prime factors of 83287?
37, 2251
What are the prime factors of 125571?
3, 19, 2203
What are the prime factors of 4249121?
59, 72019
What are the prime factors of 18789105?
3, 5, 73, 17159
List the prime factors of 1310307.
3, 29, 15061
What are the prime factors of 6201262?
2, 83, 37357
List the prime factors of 31406.
2, 41, 383
What are the prime factors of 460922?
2, 7, 11, 41, 73
What are the prime factors of 3130288?
2, 7, 19, 1471
List the prime factors of 247769.
247769
List the prime factors of 12238035.
3, 5, 815869
What are the prime factors of 2475035?
5, 19, 26053
List the prime factors of 978262.
2, 317, 1543
What are the prime factors of 18666006?
2, 3, 3111001
List the prime factors of 806061.
3, 139, 1933
List the prime factors of 2319328.
2, 11, 599
What are the prime factors of 950215?
5, 7, 17, 1597
What are the prime factors of 646272?
2, 3, 11, 17
What are the prime factors of 1361638?
2, 43, 71, 223
What are the prime factors of 566766?
2, 3, 23, 37
List the prime factors of 5636297.
449, 12553
List the prime factors of 34002924.
2, 3, 17, 23, 7247
What are the prime factors of 7274337?
3, 7, 346397
List the prime factors of 188707.
188707
List the prime factors of 297569.
29, 31, 331
What are the prime factors of 2120078?
2, 1060039
What are the prime factors of 5738133?
3, 19, 100669
List the prime factors of 19157985.
3, 5, 7, 11, 19, 97
List the prime factors of 100386.
2, 3, 11, 13
List the prime factors of 37607.
37607
List the prime factors of 12223192.
2, 1527899
List the prime factors of 17879112.
2, 3, 239, 1039
What are the prime factors of 211277?
11, 19207
What are the prime factors of 2221279?
409, 5431
List the prime factors of 4617478.
2, 107, 21577
List the prime factors of 277848.
2, 3, 17, 227
List the prime factors of 1544682.
2, 3, 257447
What are the prime factors of 24170?
2, 5, 2417
What are the prime factors of 1874084?
2, 19, 24659
What are the prime factors of 2516002?
2, 1258001
What are the prime factors of 75762?
2, 3, 23, 61
List the prime factors of 545132.
2, 7, 19469
What are the prime factors of 143398?
2, 71699
List the prime factors of 391611.
3, 11, 11867
List the prime factors of 2396218.
2, 11, 17, 43, 149
What are the prime factors of 6923425?
5, 163, 1699
What are the prime factors of 1169869?
53, 22073
List the prime factors of 35606.
2, 19, 937
List the prime factors of 459324.
2, 3, 4253
List the prime factors of 34021.
13, 2617
What are the prime factors of 4171750?
2, 5, 11, 37, 41
List the prime factors of 159469.
159469
What are the prime factors of 3426810?
2, 3, 5, 103, 1109
What are the prime factors of 335169?
3, 167, 223
List the prime factors of 1164075.
3, 5, 11, 17, 83
List the prime factors of 281047.
13, 1663
List the prime factors of 13274964.
2, 3, 283, 1303
List the prime factors of 523385.
5, 104677
What are the prime factors of 11612229?
3, 499, 7757
What are the prime factors of 954482?
2, 17, 67, 419
List the prime factors of 2623802.
2, 1311901
List the prime factors of 252157.
252157
What are the prime factors of 23992?
2, 2999
What are the prime factors of 14253?
3, 4751
List the prime factors of 4016761.
7, 29, 47, 421
What are the prime factors of 3086772?
2, 3, 13, 47, 421
What are the prime factors of 152444?
2, 23, 1657
What are the prime factors of 124196?
2, 61, 509
What are the prime factors of 19011345?
3, 5, 443, 2861
List the prime factors of 1806229.
37, 48817
List the prime factors of 4607178.
2, 3, 767863
List the prime factors of 337427.
337427
List the prime factors of 34470761.
13, 203969
What are the prime factors of 1499664?
2, 3, 157, 199
List the prime factors of 1190259.
3, 7, 2699
List the prime factors of 219233.
7, 31319
List the prime factors of 772234.
2, 386117
What are the prime factors of 1843094?
2, 11, 83777
What are the prime factors of 4365753?
3, 7, 17, 1747
What are the prime factors of 533826?
2, 3, 4